e factors of 7217?
7, 1031
List the prime factors of 7769.
17, 457
What are the prime factors of 80087?
7, 17, 673
What are the prime factors of 8891?
17, 523
List the prime factors of 134563.
11, 13, 941
What are the prime factors of 9410?
2, 5, 941
List the prime factors of 450.
2, 3, 5
What are the prime factors of 7185?
3, 5, 479
What are the prime factors of 9537?
3, 11, 17
What are the prime factors of 39231?
3, 1453
List the prime factors of 576.
2, 3
List the prime factors of 1254.
2, 3, 11, 19
List the prime factors of 2906.
2, 1453
List the prime factors of 13929.
3, 4643
What are the prime factors of 137321?
137321
List the prime factors of 1416.
2, 3, 59
List the prime factors of 2802.
2, 3, 467
List the prime factors of 87685.
5, 13, 19, 71
What are the prime factors of 2539?
2539
List the prime factors of 17135.
5, 23, 149
What are the prime factors of 3189?
3, 1063
List the prime factors of 37068.
2, 3, 3089
What are the prime factors of 678?
2, 3, 113
List the prime factors of 1477.
7, 211
List the prime factors of 6331.
13, 487
List the prime factors of 36998.
2, 13, 1423
List the prime factors of 1012.
2, 11, 23
What are the prime factors of 5113?
5113
List the prime factors of 330.
2, 3, 5, 11
List the prime factors of 8002.
2, 4001
What are the prime factors of 39995?
5, 19, 421
What are the prime factors of 28639?
13, 2203
What are the prime factors of 17725?
5, 709
List the prime factors of 11945.
5, 2389
What are the prime factors of 631?
631
What are the prime factors of 10160?
2, 5, 127
What are the prime factors of 63125?
5, 101
What are the prime factors of 26629?
31, 859
List the prime factors of 3524.
2, 881
List the prime factors of 3862.
2, 1931
List the prime factors of 22518.
2, 3, 139
List the prime factors of 21919.
23, 953
List the prime factors of 82.
2, 41
What are the prime factors of 2938?
2, 13, 113
What are the prime factors of 94865?
5, 18973
What are the prime factors of 20117?
20117
What are the prime factors of 9901?
9901
List the prime factors of 1927.
41, 47
List the prime factors of 5088.
2, 3, 53
List the prime factors of 427.
7, 61
What are the prime factors of 22300?
2, 5, 223
List the prime factors of 88681.
88681
What are the prime factors of 1171?
1171
List the prime factors of 171.
3, 19
List the prime factors of 7292.
2, 1823
What are the prime factors of 2586?
2, 3, 431
List the prime factors of 8738.
2, 17, 257
List the prime factors of 1120.
2, 5, 7
List the prime factors of 1721.
1721
List the prime factors of 1286.
2, 643
What are the prime factors of 2123?
11, 193
List the prime factors of 22213.
97, 229
List the prime factors of 12682.
2, 17, 373
What are the prime factors of 13148?
2, 19, 173
List the prime factors of 1075.
5, 43
What are the prime factors of 8243?
8243
List the prime factors of 30990.
2, 3, 5, 1033
What are the prime factors of 23903?
11, 41, 53
What are the prime factors of 1422?
2, 3, 79
List the prime factors of 1935.
3, 5, 43
What are the prime factors of 4891?
67, 73
What are the prime factors of 8527?
8527
What are the prime factors of 2324?
2, 7, 83
List the prime factors of 52109.
107, 487
List the prime factors of 22951.
59, 389
What are the prime factors of 3234?
2, 3, 7, 11
List the prime factors of 9288.
2, 3, 43
What are the prime factors of 17186?
2, 13, 661
What are the prime factors of 53324?
2, 13331
List the prime factors of 3742.
2, 1871
What are the prime factors of 418?
2, 11, 19
What are the prime factors of 2429?
7, 347
List the prime factors of 1157.
13, 89
What are the prime factors of 817?
19, 43
What are the prime factors of 179833?
179833
List the prime factors of 23804.
2, 11, 541
List the prime factors of 31342.
2, 15671
What are the prime factors of 1414?
2, 7, 101
List the prime factors of 1728.
2, 3
List the prime factors of 305.
5, 61
What are the prime factors of 18029?
11, 149
List the prime factors of 652.
2, 163
List the prime factors of 24492.
2, 3, 13, 157
List the prime factors of 8758.
2, 29, 151
What are the prime factors of 1129?
1129
What are the prime factors of 20867?
7, 11, 271
List the prime factors of 11412.
2, 3, 317
List the prime factors of 39752.
2, 4969
What are the prime factors of 12355?
5, 7, 353
What are the prime factors of 69022?
2, 34511
List the prime factors of 2616.
2, 3, 109
What are the prime factors of 3113?
11, 283
What are the prime factors of 7122?
2, 3, 1187
What are the prime factors of 8493?
3, 19, 149
List the prime factors of 80595.
3, 5, 199
List the prime factors of 1501.
19, 79
List the prime factors of 19781.
131, 151
What are the prime factors of 44167?
29, 1523
List the prime factors of 49356.
2, 3, 457
List the prime factors of 10614.
2, 3, 29, 61
What are the prime factors of 13213?
73, 181
List the prime factors of 1372.
2, 7
List the prime factors of 64426.
2, 32213
What are the prime factors of 171805?
5, 34361
What are the prime factors of 43929?
3, 1627
List the prime factors of 700.
2, 5, 7
What are the prime factors of 81574?
2, 40787
What are the prime factors of 1896?
2, 3, 79
What are the prime factors of 1654?
2, 827
What are the prime factors of 71493?
3, 23831
List the prime factors of 96759.
3, 13, 827
List the prime factors of 25522.
2, 7, 1823
List the prime factors of 11815.
5, 17, 139
List the prime factors of 154948.
2, 38737
List the prime factors of 8262.
2, 3, 17
List the prime factors of 4063.
17, 239
What are the prime factors of 15411?
3, 11, 467
List the prime factors of 1061.
1061
List the prime factors of 2894.
2, 1447
List the prime factors of 15724.
2, 3931
List the prime factors of 56.
2, 7
What are the prime factors of 1974?
2, 3, 7, 47
List the prime factors of 10468.
2, 2617
What are the prime factors of 13014?
2, 3, 241
What are the prime factors of 10905?
3, 5, 727
List the prime factors of 7120.
2, 5, 89
List the prime factors of 4876.
2, 23, 53
List the prime factors of 4555.
5, 911
What are the prime factors of 14865?
3, 5, 991
What are the prime factors of 13209?
3, 7, 17, 37
List the prime factors of 5817.
3, 7, 277
List the prime factors of 1356.
2, 3, 113
What are the prime factors of 708?
2, 3, 59
What are the prime factors of 989?
23, 43
What are the prime factors of 15835?
5, 3167
What are the prime factors of 397?
397
What are the prime factors of 404?
2, 101
List the prime factors of 907.
907
What are the prime factors of 6246?
2, 3, 347
List the prime factors of 8695.
5, 37, 47
What are the prime factors of 9007?
9007
What are the prime factors of 7454?
2, 3727
What are the prime factors of 110531?
107, 1033
List the prime factors of 1658.
2, 829
List the prime factors of 56352.
2, 3, 587
What are the prime factors of 17410?
2, 5, 1741
List the prime factors of 3262.
2, 7, 233
What are the prime factors of 26580?
2, 3, 5, 443
What are the prime factors of 936?
2, 3, 13
What are the prime factors of 901?
17, 53
What are the prime factors of 7207?
7207
List the prime factors of 5045.
5, 1009
List the prime factors of 5766.
2, 3, 31
What are the prime factors of 1720?
2, 5, 43
List the prime factors of 4456.
2, 557
What are the prime factors of 644?
2, 7, 23
What are the prime factors of 884?
2, 13, 17
What are the prime factors of 11036?
2, 31, 89
What are the prime factors of 1433?
1433
What are the prime factors of 75020?
2, 5, 11, 31
What are the prime factors of 32715?
3, 5, 727
What are the prime factors of 16654?
2, 11, 757
What are the prime factors of 39238?
2, 23, 853
What are the prime factors of 46882?
2, 11, 2131
What are the prime factors of 63232?
2, 13, 19
What are the prime factors of 10841?
37, 293
What are the prime factors of 7912?
2, 23, 43
List the prime factors of 22223.
71, 313
What are the prime factors of 9155?
5, 1831
What are the prime factors of 18964?
2, 11, 431
What are the prime factors of 2702?
2, 7, 193
List the prime factors of 11412.
2, 3, 317
List the prime factors of 8494.
2, 31, 137
List the prime factors of 12543.
3, 37, 113
List the prime factors of 10089.
3, 19, 59
What are the prime factors of 2305?
5, 461
List the prime factors of 17660.
2, 5, 883
List the prime factors of 14401.
14401
What are the prime factors of 2419?
41, 59
List the prime factors of 1616.
2, 101
List the prime facto